-27
Let k be 49/6 + (282/36)/1 + -7. Let q be 28/4*(-4)/(-14). Let g(p) = -4*p + 4*p**q - 7 + p**3 - 3*p - 12*p**2 - 3. Give g(k).
8
Let g(o) = -o. Let a = 29 - 50. Let c(f) = -f**2 + 43*f - 99. Let v be c(41). Let y = a - v. Determine g(y).
4
Let d(o) be the third derivative of 0*o + 1/60*o**5 + 0 + 7/3*o**3 - 93*o**2 - 1/24*o**4. Let s(j) = -j**3 + 4*j**2 - 3*j. Let n be s(3). Give d(n).
14
Let t(f) = -3*f**2 - 16 - 11*f + 27 - 14 + 5*f**2. Let y be t(6). Suppose -z + 3*z + 13 = 3*i, y*z - 13 = -2*i. Let b(g) = 9*g**3 - 2*g**2 + g. What is b(z)?
8
Suppose 0 = 2*k + 5*o - 1637, -5*o - 1587 = 5*k - 7*k. Let p(n) = -n + k + 804 - 1610. Let s(u) = u**3 - 7*u**2 - 2*u + 6. Let x be s(7). Give p(x).
8
Let k(t) = 10*t - 4. Suppose -26 = 5*b - 6*b + 4*a, 0 = -2*b - 2*a + 2. Suppose 0 = -b*z + 24 - 6. Calculate k(z).
26
Let v(i) = -4*i**2 + 0 + 2*i + 1 - i**3 - 2. Let d = -387 + 401. Let w be (-10)/4*(-9 + -3 + d). Determine v(w).
14
Let n(q) be the second derivative of q**5/20 + 5*q**4/12 - q**3/3 - q**2 + 2430*q + 3. What is n(-6)?
-26
Let s(m) = 3*m**3 + 2*m**2 - 3*m + 1. Let a = -54 + 59. Let x be (5 - 3)*(-6)/((-30)/a). Calculate s(x).
27
Let m be 110/(-66) + ((-340)/12)/(-5). Let o(c) be the third derivative of -12*c**2 + 7/24*c**m + 0*c + 0*c**3 + 0. Calculate o(-1).
-7
Let k(z) = -z**2 + 8*z - 8. Let d(q) be the first derivative of -15*q**2/2 + 51*q - 11. Let o be d(3). Give k(o).
4
Suppose 0 = 2*n + 2*l + 4, 4*n + 2*l = -0*l - 8. Suppose 0 = 18*a - 17*a. Let i(c) = -2*c + 4*c + a*c + 1 + 2*c. Determine i(n).
-7
Let o be 2 - (-3 - -1 - -1). Let p be 8*(-1 + 0)*(-2)/8. Let y(m) = 29*m**2 - 18*m**p + 1 - 12*m**2 + 3. Determine y(o).
-5
Suppose -3*a + a + 8 = 0. Let r(y) = -y**3 - y**2 + 3*y - 4. Let u be r(-3). Let n(p) = 3 + 5 - 5 + p**2 - u*p - 1. What is n(a)?
-2
Let v(d) = -d + 22. Suppose 7*u = -6*u + 1 + 324. Calculate v(u).
-3
Let x = 9 - 5. Suppose 2*z - x = 6*z. Let k(m) = -2*m**2 - 2*m - 2. Let u be k(z). Let a(r) = r**3 + r**2 + 2*r. Give a(u).
-8
Suppose 5*t + 285 - 330 = 0. Suppose 12 = -12*w + 15*w. Let d(u) = -10*u + w*u + 7*u. Determine d(t).
9
Suppose -5 = a + 4*i, -28*a - 3*i - 42 = -23*a. Let q(t) = 6*t + 1. Let n(u) = -5*u - 1. Let b(o) = 3*n(o) + 2*q(o). Determine b(a).
26
Let b be 1/((((-30)/25)/(-6))/(-1)). Let n = -31 + 31. Let q(y) = n - 6*y + 4*y - 5. Calculate q(b).
5
Let y(f) be the second derivative of 17*f**3/6 - 9*f**2/2 - 676*f. What is y(1)?
8
Let u(l) = l + 22. Let s be u(-20). Let q(r) = 2*r**2 + r**3 - 1 + 3*r**3 + 0*r**s + 0. Let i = 31 + -32. Give q(i).
-3
Let i = 21 - 61. Let k be 6/33 + i/(-22). Let m(z) = -3*z**3 + 1 - 7*z**2 - 3*z**3 - k*z + z**3 + 4*z**3. What is m(-7)?
15
Suppose 0 = 4*m + 5*n - 49, -5*n + 37 = 2*m - 0*m. Let c(l) be the third derivative of 16*l**2 + 0*l - 1/8*l**4 + 1/3*l**3 + 0. Give c(m).
-16
Let b(o) = o**3 - o + 1. Let g(y) = -y**3 - 3*y**2 - 1. Let n(z) = -2*b(z) - g(z). Suppose -6*a + a + 100 = 0. Let c be (-4)/((-7)/(105/a)). Determine n(c).
5
Let i(t) = -t**2 + t + 1. Let f(o) = 0 - 388*o + 7*o**2 + 390*o - 1 - 2*o**2. Let u(c) = f(c) + 4*i(c). Give u(-9).
30
Let m(o) = o**2 - 12*o + 16. Let g(l) = -2*l**2 - 11*l + 296. Let x be g(-15). Give m(x).
5
Suppose -x = -2 - 3. Suppose x*l = 3*l + 6. Let f(s) = l*s**2 - 5*s - 2*s - 3*s**2 + s**2 + 3. Determine f(7).
3
Suppose -36 = -17*h + 5*h. Suppose -14*z + 11*z + h = 0. Let w(p) = -61*p - 1 + z + 67*p. Calculate w(-1).
-6
Let l(r) = 3*r**2 + 17*r + 16. Let h be l(-11). Let i be -5*(h/40)/(-3). Let m(q) = q**3 - 8*q**2 - q + 4. Give m(i).
-4
Let y(l) = -6*l**3 + l**2 - l - 1. Let r(w) = w**3 + 17*w**2 - 63*w + 14. Let u be r(-20). Let q = u + -75. What is y(q)?
7
Let k be (-2)/(-6) - -10*4/24. Let o(u) = u**3 - 2*u**2 + 7*u - 11. Let z be o(k). Let g(f) = -4 - 83*f**2 + 0 - f**3 + 0 - 3*f + 86*f**2. Calculate g(z).
-13
Let l(s) = 765*s**2 - s + 0 - 2294*s**2 - 26 + 761*s**2 + 769*s**2. Give l(6).
4
Let y(m) = -m**2 - m + 5 - m**3 - 2 - 4. Let z(c) = -2*c**3 + 6*c**2 + 5*c + 4. Let k(l) = -5*y(l) - z(l). Suppose -923*j + 898*j - 25 = 0. Determine k(j).
-7
Let y(j) = 2*j - 5. Let r = -515 - -522. Let t be 6/21 - 2/r. Give y(t).
-5
Let q(k) = -7*k**2 - k - 1. Let f(t) = 15*t**2 - 24*t + 39. Let w(o) = -f(o) - 2*q(o). Determine w(24).
11
Let i(a) = -a**2 + 10*a - 20. Let c be i(3). Let s(b) be the first derivative of -10 + b**2 - b - 8/3*b**3. Calculate s(c).
-7
Suppose -16*k + 1079 - 1207 = 0. Let c(i) = 4*i + 5. Calculate c(k).
-27
Let f(l) = -7*l - 10. Let a = 4435 + -4445. Determine f(a).
60
Suppose -34*i = -7*i - 81. Suppose -3*x - 25 = -8*x, -x = i*q - 11. Let c(v) = -v**3 + 7*v - 5. Give c(q).
1
Let u(o) be the third derivative of -o**6/120 + 3*o**5/20 - 13*o**4/24 + 17*o**3/6 - 1214*o**2. Give u(7).
24
Let f(x) = -162*x - 83. Let c be f(-2). Suppose 0 = 10*i + c - 221. Let n(v) = 18*v + 2. Determine n(i).
-34
Let c(p) = 156*p**2 - 76*p**2 - 65 + 26*p**3 + 2*p - 27*p**3 - 75*p**2 + 16*p. Calculate c(6).
7
Let b(w) = -6*w + 26. Let c(u) = -u**3 - 21*u**2 - 44*u + 190. Let x be c(-18). What is b(x)?
-34
Let b(f) = -3*f**2 - 104*f + 11. Let v(a) = -2*a**2 - 81*a + 8. Let i(m) = -4*b(m) + 5*v(m). Determine i(-6).
2
Let v(i) be the first derivative of 1/2*i**2 + 0*i**3 - i - 191 - 1/4*i**4. Let y be (-2)/(-6) - 1/3. What is v(y)?
-1
Let k(b) be the second derivative of b**5/20 - 5*b**4/4 + b**3/6 - 21*b**2/2 - 10*b. Let g be k(15). Let a(z) = -z**3 - 5*z**2 + 7*z - 2. Calculate a(g).
-8
Suppose -8*n + 478 = 542. Let z(k) = k**2 + 4*k - 25. Calculate z(n).
7
Suppose -3*m - 5*z = 32, -142 = -5*m - 4*z - 204. Let v(s) = -s**3 - 13*s**2 + 16*s + 16. Calculate v(m).
-12
Let l(u) be the third derivative of -u**7/840 + 7*u**6/180 - u**5/10 + 269*u**3/6 + 130*u**2 + 2*u. Let k(h) be the first derivative of l(h). Determine k(13).
13
Let i(j) be the third derivative of -j**8/6720 - j**7/420 - j**6/144 + j**4/8 + 11*j**3/2 + 12*j**2 + 2. Let w(x) be the second derivative of i(x). Give w(-4).
-12
Let x(t) = -t**3 + 2*t**2 - t. Suppose -5*j = 5*g + 10, -4*g - j - 3 = -1. Let p be -2*(9/(-6) - g) + -1. Suppose 0 = b - p*b + 2. Calculate x(b).
-2
Let r(y) = 2*y - 4. Let d = -55 - -67. Suppose -7*x = -4*x - d, 4*g = -x + 64. Suppose -g = -3*a - 0*a. Determine r(a).
6
Let g(y) = -y**2 - 2*y + 4. Suppose 14*d - 24 = 144. Suppose 16*l - d = 12*l. What is g(l)?
-11
Let r(g) = 20 - 22 + g - 5*g + 10*g. Let h(d) be the second derivative of -7*d**3/6 + d**2 + 3*d. Let s(i) = 5*h(i) + 6*r(i). Calculate s(8).
6
Let i(r) = 122979*r - r**2 + 1 - 122988*r + 18. Give i(-10).
9
Let z(k) be the third derivative of -k**7/5040 - 2*k**5/5 + 14*k**2. Let v(p) be the third derivative of z(p). What is v(-7)?
7
Suppose 13*m + 30*m + 645 = 0. Let l(y) = 2*y + 37. Give l(m).
7
Let d(m) = -2*m**2 - 3*m**2 + 4972 - 3*m + m**2 - 4963 - m**3 + 15*m. Give d(-5).
-26
Suppose -3*t - 20 = y, 21*y - 4*t = 18*y + 5. Let s(d) = 3*d**2 + 19*d + 10. What is s(y)?
-10
Let l = 77 - 74. Suppose 21 + 0 = l*y. Let g(v) = -4*v + 22. Give g(y).
-6
Let x(d) be the second derivative of d**5/20 + d**4/6 + d**3/3 + 3*d**2 - 952*d. Calculate x(0).
6
Let w(j) = -6*j + 13. Let q be w(3). Let f = 4 + q. Let u(x) = 2*x + 2. Let p be u(f). Let v(g) = -g**2 - g - 10. What is v(p)?
-10
Let s be 358/14 + (-4)/7 + -8. Let f(q) = q**3 - 16*q**2 - 14*q + 22. Determine f(s).
73
Let h(s) = s**3 - 24*s**2 + 20*s + 69. Let i be h(23). Let t(f) be the second derivative of f**5/20 - f**3/6 - 23*f**2/2 - 35*f + 1. What is t(i)?
-23
Let p(s) = 2*s**3 + 3*s**2 + 3*s - 4. Let n(r) = r**3 - 2*r**2 + r - 1. Let m(l) = -n(l) + p(l). Suppose 4 = -2*v + 4*o, 12 = -2*v - 4*o - 0. What is m(v)?
5
Let x(u) = u**3 - u**2 + u - 5. Let w(p) be the first derivative of p**2/2 - 28. Suppose 26*r = 30*r. Let g be w(r). What is x(g)?
-5
Suppose -3*k + 13 = n, -3*k - 68 = -2*n - 87. Let b(r) be the first derivative of 1/4*r**4 + 5/3*r**3 - 6 + k*r + r**2. Give b(-5).
-5
Let t(u) = u**3 - 5*u**2 + 3*u - 6. Suppose -5*n + 25 = 4*p, -4*n + 4*p - 10 = -6*n. What is t(n)?
9
Let w(x) = -4*x. Let r be 5/15 + (-14)/(-3). Suppose -2*y = -p, r*y - 4*p + 4 + 2 = 0. Suppose -o = -3*o + y. Give w(o).
-4
Let j = -14736 - -14723. Let s(l) = 4*l + 60. Give s(j).
8
Let p(n) be the second derivative of -n**5/4 - n**4/12 + n**2/2 + 441*n + 1. Dete